*2 + 26*c - 1/12*c**4. Determine x(-5).
-8
Let x(b) = -b**2 - 1. Let f(o) = -o**2 - 2*o + 51. Let m be f(-8). Give x(m).
-10
Let a(b) = -b**2 + 11*b - 4. Let g be a(8). Suppose -g*x = -17*x - 3. Let u(q) = -7*q**3 - 2*q**2 + 1. Give u(x).
-8
Let v(u) = u**2 - 7*u + 6. Let p(s) = 2*s**3 + 8*s**2 - 3*s - 8. Let m be 8/(-10)*5/2 + -2. Let k be p(m). What is v(k)?
-6
Let b(v) = 7*v - 3. Let h(l) = 20*l - 6. Let c(q) = -17*b(q) + 6*h(q). Determine c(-7).
8
Suppose 5*r - 134 = 96. Let g = r + -41. Let x(t) = t**2 - 4*t - 4. Give x(g).
1
Let a(y) = y**3 - 20*y**2 + 19*y - 21. Suppose -482 = -61*q + 677. What is a(q)?
-21
Let o(k) = -25 + 14 - 1 + 2*k - 4 + 5. Calculate o(4).
-3
Let t(m) = -17 - 2*m + 30 + 16. Let v be t(17). Let d(s) be the second derivative of -s**5/20 - 5*s**4/12 + s**3/6 - s**2/2 - s. What is d(v)?
-6
Let h(k) = -2*k**2 + 12*k + 18. Let b(u) = 2*u**2 - 11*u - 12. Let g(r) = -4*b(r) - 3*h(r). Calculate g(3).
0
Let c(d) = 7*d - 4. Suppose 3*w - 11*w = -32. Calculate c(w).
24
Let v(q) be the first derivative of 3*q - 30 + 1/2*q**2. Calculate v(-6).
-3
Let s(b) be the first derivative of -b**3/3 + 7*b**2 - b + 165. What is s(12)?
23
Let b = 13 - 8. Suppose 10 = 5*h + d - 7, 27 = 3*h - b*d. Let x = -3 + h. Let u(t) = t + 1. Give u(x).
2
Let s(t) = t. Let z(i) = i**3 - 2*i**2 + i - 5. Let g(o) = 3*s(o) - z(o). Let y be g(3). Let w(r) = -2*r + 1. Determine w(y).
-3
Let j be (20/6)/(6/9). Suppose 2*x + f = 0, -3*x - f + 22 = -j*f. Let r(p) = x + 2*p - 2 + 7 + 1. Give r(-6).
-4
Let v(i) = -i**3 - 7*i**2 + 8*i - 3. Let x be (-15)/(-10)*8/3*2. Let o = -16 + x. Calculate v(o).
-3
Let l(h) be the second derivative of -1/12*h**4 + 7/2*h**2 + 0 - 10*h + 5/6*h**3. Calculate l(5).
7
Let d(j) = j**2 - 5*j - 7. Suppose -113 = -16*t - 17. What is d(t)?
-1
Let j(g) = -18*g - 1. Let n(h) = 41*h + 2. Let r(c) = 5*j(c) + 2*n(c). What is r(-2)?
15
Suppose -3*d + 5*u = 2*d - 35, -16 = -2*d + 3*u. Suppose -3*i - d = -2*i. Let j(v) = 4*v - 4*v - 4 - v. Determine j(i).
1
Let n(g) = -2*g + 2*g + 0*g + 8*g + 6*g**2. Let x(s) be the second derivative of s**4/12 + s**3/6 + s**2/2 - s. Let j(t) = n(t) - 5*x(t). Give j(-4).
-1
Suppose u - 2*z + 65 = 59, 4*u + 79 = -3*z. Let n(f) = f + 14. Give n(u).
-2
Suppose -3*t = -5*j + t + 42, -5*j + t = -33. Let x be (-4)/(8/j) + 12. Let d(m) = -x + 8*m + m**2 + 0*m**2 + 10. What is d(-7)?
-6
Suppose -2*u = -3 - 7. Let q be 24/10 + (-2)/u. Let f = q + -3. Let b(r) = -4*r**3 - r**2 - r. Calculate b(f).
4
Let u(r) = -2*r - 2. Suppose o - 24 = 4*q, 4*q + 27 - 3 = -5*o. Let g be 1*q/8*-4. What is u(g)?
-8
Let o(k) be the third derivative of -1/24*k**4 - 18*k**2 + 0*k - 1/30*k**5 + 0*k**3 + 0 + 1/120*k**6. Calculate o(2).
-2
Suppose 0 = l + 2*p - 9, 34*l - 45 = 29*l + 3*p. Let o(r) = -r**3 + 9*r**2 - 4*r + 7. Calculate o(l).
-29
Let c(q) = -4*q + 7. Let m(d) = -d**3 - 10*d**2 + 11*d - 8. Let s be m(-11). Let o = 7 + s. Let v = o + 6. Determine c(v).
-13
Let r(z) = 25*z. Let m be (12 + 14/(-1))*(-2)/(-4). Give r(m).
-25
Let m = -33 - -36. Let t(s) = 2*s**2 + 5. Let i(v) = -v**2 - 2. Let n(z) = -z**2 - 10*z - 9. Let x be n(-8). Let h(j) = m*t(j) + x*i(j). Calculate h(-4).
-15
Let b(s) = -2*s**2 + 3*s - 3. Let a(o) = -o**2 + 7*o + 15. Let z be a(9). Let i = 5 + z. Calculate b(i).
-5
Let s(a) = a**3 - 6*a**2 + 2*a - 7. Suppose -286 = -59*u + 68. What is s(u)?
5
Let k(v) be the second derivative of v**3/3 + 10*v. Let g(z) = 2*z - 1. Let b = 5 + -11. Let a(d) = b*k(d) + 5*g(d). Determine a(-5).
5
Let d(v) = v - 34. Suppose 26*p = 9*p - 20*p. What is d(p)?
-34
Let j(g) = -18*g + 91. Let y be j(5). Let t(q) = -3*q**2 + q + 1. What is t(y)?
-1
Let u(i) = i**2 - 9*i - 11. Let v be u(10). Let j be 9/5 + (-1)/(-5). Let o(r) = -4*r + 3*r - j + 1. Determine o(v).
0
Let a(x) be the third derivative of -x**5/60 - 5*x**4/24 - 13*x**3/6 - 416*x**2. Give a(-9).
-49
Let x(s) be the third derivative of -s**5/60 - 13*s**4/24 - 5*s**3/2 + 17*s**2 - 2*s. What is x(-11)?
7
Let b = -40 - -58. Let i(f) = -2*f - b + f**2 + 18. Let a = 14 - 10. Calculate i(a).
8
Let a(f) = f**2 - 10*f + 10. Suppose 11 = 5*c + 1. Suppose -c*s + 9 = -7. Determine a(s).
-6
Let h(a) be the first derivative of 3*a**4/4 + a + 1. Let v(s) = 7*s**3 - s**2 - s + 3. Let z(b) = -9*h(b) + 4*v(b). Calculate z(5).
8
Let p(u) = -u**2 + 10*u - 25. Let a = 84 + -79. What is p(a)?
0
Let k(f) = 20*f**2 - 9*f**2 - 6*f**2 - f - 4*f**2 - 16 - 3*f. What is k(5)?
-11
Let o(w) = -260 - 5*w**2 - 5*w**3 + 2*w - 234 + 495. Give o(2).
-55
Let d(v) = v**3 + 2*v**2 - 3*v - 3. Suppose 4*w + 4*a + 0*a = -64, 7 = -2*w + 3*a. Let i = 7 + w. Let l be 9/(-6) - (-2)/i. Give d(l).
3
Let n(l) = -7*l**2 - 5*l + 7. Let a(z) = -8*z**2 - 5*z + 8. Let u(k) = 6*a(k) - 7*n(k). Suppose 4*c = -13 + 41. Let y = 3 - c. What is u(y)?
-5
Suppose 19*r = 5*r + 28. Let f(j) be the third derivative of 7/6*j**3 + 1/4*j**4 + 0 + 1/60*j**5 + 0*j + 9*j**r. What is f(-6)?
7
Let i(v) = -47*v - 184. Let u be i(-4). Suppose 3*t = -2*x - 6 + 14, 0 = -4*x + 4. Let n(w) = 0*w**2 - 9 + 6 + 3*w - w**t. Calculate n(u).
-7
Suppose -t - 1 = 0, 0*t - 9 = 2*h - 3*t. Let l(q) = -q**3 - 7*q**2 - 3*q + 5. Give l(h).
-13
Let c(w) = -w**2 - w + 1. Let n = 53 + -49. Suppose 0 = -n*x + 40 - 56. Determine c(x).
-11
Let o(b) be the first derivative of 0*b - 1/60*b**5 + 5/24*b**4 + 2/3*b**3 - 4 - 4*b**2. Let i(d) be the second derivative of o(d). Determine i(6).
-2
Suppose 4*t - 17*t = 338. Let i = 30 + t. Let u(r) = -r**2 - r. What is u(i)?
-20
Let t(d) = d**2 - 12*d + 15. Suppose -2*g = 93 - 311. Let o = g - 98. Calculate t(o).
4
Let v(w) = 13*w**2 - 6*w - 33. Let o(y) = -11*y**2 + 5*y + 31. Let u(b) = 6*o(b) + 5*v(b). Suppose -6*m = -7*m. What is u(m)?
21
Suppose -3*b - 5*y = 7 + 8, -4*y = -4*b + 12. Let l(h) be the second derivative of 1/6*h**3 + 0*h**2 - 1/20*h**5 - 6*h + b - 1/6*h**4. Calculate l(-2).
-2
Let d be (1 + -3)/((-2)/(-3)). Let i(b) be the first derivative of -b**3/2 - 3*b**2/2 - 16*b + 22. Let x(l) be the first derivative of i(l). Determine x(d).
6
Let r(y) = -2*y**2 - 11*y - 7. Let k be r(-7). Let q = -13 - k. Let f(p) = 2*p - 65 + 64 + q*p**2 - p**2. Determine f(1).
15
Let i(g) = 3*g**2 - 21*g + 13. Let h(y) = -2*y**2 + 12*y - 7. Let q(s) = -5*h(s) - 3*i(s). Determine q(-5).
6
Let x(s) be the first derivative of -1/4*s**4 + s + 38 + 0*s**3 + 1/2*s**2. Determine x(0).
1
Suppose 3*v + v = 4*w - 12, 5*v - 2*w + 21 = 0. Let z(c) = 2*c**2 + 5*c + 19. Let l(u) = 3*u**2 + 7*u + 29. Let m(t) = -5*l(t) + 8*z(t). What is m(v)?
7
Let p(g) = -g**3 - 6*g**2 - 5*g + 4. Let o(u) = u**3 - 7*u**2 + 7*u - 11. Let d be o(6). Give p(d).
4
Suppose 10*b = 11*b. Let l(d) be the third derivative of d**5/120 - d**3/2 + 3*d**2. Let h(o) be the first derivative of l(o). Calculate h(b).
0
Let f(a) be the second derivative of -a**5/20 - a**4/12 + a**3/6 - a**2 - 2*a. Suppose 5*j + 78 = 103. Suppose 3*b = 12, -5*o - j*b = -3*o - 20. Give f(o).
-2
Suppose -3 = -6*l + 9. Suppose s = -l*f, s = 4*f + 13 + 5. Let p(v) = -v**2 + 7*v + 5. Give p(s).
11
Let s(m) = m**2 - 2. Let k be s(-2). Let g(p) = 3*p**2 - 3*p + 1. What is g(k)?
7
Let x(b) be the third derivative of -b**4/6 - b**3/2 - 63*b**2. Determine x(-3).
9
Let p(s) = -2*s**3 - 6*s**2 + 7. Let u(r) = r**3 - r**2 + 1. Let w(d) = -p(d) - 3*u(d). Calculate w(9).
-10
Let f(h) = -4*h + 3. Let o(p) = p**3 + 3. Let m be o(-2). Let j(b) = 5*b - 4. Let v(d) = m*j(d) - 6*f(d). Give v(-4).
6
Let u(s) = -4*s**2 - 222*s - 121. Let r be u(-55). Let x(g) = g**3 + 12*g**2 + 11*g - 9. Calculate x(r).
-9
Suppose 29*z - 27*z = 4. Suppose -z*a - 4 + 10 = 0. Let c(s) = s**3 - a + 0*s**3 - 3*s**2 + 0*s**2 + 2*s + 0*s**3. Give c(2).
-3
Let j(x) be the first derivative of 2*x**3/3 + x**2 - x + 522. Calculate j(-3).
11
Let u = 46 + -49. Let p(x) be the first derivative of -x**2/2 - 4*x - 3. What is p(u)?
-1
Let g = 955 - 952. Let u(s) = -s**3 + 5*s - 3. Calculate u(g).
-15
Suppose 3*c = 3*y + 6, -2*c - 4*y = -3*c - 13. Let a(u) = u**2 - 6*u + 2. What is a(c)?
9
Let h(r) = 2*r**2 + 7*r + 3. Let p = -1 - -3. Let d(u) = u**2 + 3*u + 1. Let f(b) = p*h(b) - 5*d(b). Let s be (-7)/(-21) - 1/3. Determine f(s).
1
Suppose 4*h - n - 3 = 0, -2*n + 15 = n. Let w(c) = c**3 + 14*c**2 + h - 2*c + 3*c - 10*c**2 + c. Give w(-4).
-6
Let n(j) = -6*j - 1. Sup